
{"id":2710,"date":"2023-06-05T10:39:31","date_gmt":"2023-06-05T13:39:31","guid":{"rendered":"https:\/\/cursos.unipampa.edu.br\/cursos\/ppgee\/?page_id=2710"},"modified":"2023-07-13T11:15:27","modified_gmt":"2023-07-13T14:15:27","slug":"processo-seletivo-2023-2","status":"publish","type":"page","link":"https:\/\/cursos.unipampa.edu.br\/cursos\/ppgee\/?page_id=2710","title":{"rendered":"Processo seletivo 2023\/2"},"content":{"rendered":"<p><a href=\"https:\/\/cursos.unipampa.edu.br\/cursos\/ppgee\/files\/2023\/06\/processo-seletivo-2023-2.jpg\"><img decoding=\"async\" loading=\"lazy\" class=\"alignnone size-large wp-image-2711\" src=\"https:\/\/cursos.unipampa.edu.br\/cursos\/ppgee\/files\/2023\/06\/processo-seletivo-2023-2-1024x390.jpg\" alt=\"\" width=\"474\" height=\"181\" srcset=\"https:\/\/cursos.unipampa.edu.br\/cursos\/ppgee\/files\/2023\/06\/processo-seletivo-2023-2-1024x390.jpg 1024w, https:\/\/cursos.unipampa.edu.br\/cursos\/ppgee\/files\/2023\/06\/processo-seletivo-2023-2-300x114.jpg 300w, https:\/\/cursos.unipampa.edu.br\/cursos\/ppgee\/files\/2023\/06\/processo-seletivo-2023-2-768x292.jpg 768w, https:\/\/cursos.unipampa.edu.br\/cursos\/ppgee\/files\/2023\/06\/processo-seletivo-2023-2-1536x584.jpg 1536w, https:\/\/cursos.unipampa.edu.br\/cursos\/ppgee\/files\/2023\/06\/processo-seletivo-2023-2-2048x779.jpg 2048w\" sizes=\"(max-width: 474px) 100vw, 474px\" \/><\/a><\/p>\n<p><strong>Inscri\u00e7\u00f5es encerradas.<\/strong><\/p>\n<p>In\u00edcio das aulas em\u00a0 agosto de 2023.<\/p>\n<p>Documentos:<\/p>\n<ul>\n<li>Edital completo:\u00a0 <a href=\"https:\/\/cursos.unipampa.edu.br\/cursos\/ppgee\/files\/2023\/06\/edital_187-2023_-_edital_de_processo_seletivo_para_ingresso_de_discentes_programa_de_pos-graduacao_em_engenharia_eletrica_mestrado_academico_-_2o_semestre-2023.pdf\">clique aqui<\/a><\/li>\n<li>Inscri\u00e7\u00f5es homologadas: <a href=\"https:\/\/cursos.unipampa.edu.br\/cursos\/ppgee\/files\/2023\/06\/sei_unipampa-1160941-despacho.pdf\">clique aqui<\/a><\/li>\n<li>Comiss\u00e3o de sele\u00e7\u00e3o: <a href=\"https:\/\/cursos.unipampa.edu.br\/cursos\/ppgee\/files\/2023\/06\/sei_unipampa-1162482-despacho.pdf\">clique aqui<\/a><\/li>\n<li>Agenda de defesas de pr\u00e9-projeto de pesquisa: <a href=\"https:\/\/cursos.unipampa.edu.br\/cursos\/ppgee\/files\/2023\/07\/sei_unipampa-1172941-despacho.pdf\">clique aqui<\/a><\/li>\n<li>Resultado do processo seletivo: <a href=\"https:\/\/cursos.unipampa.edu.br\/cursos\/ppgee\/files\/2023\/07\/sei_unipampa-1182800-despacho.pdf\">clique aqui<\/a><\/li>\n<\/ul>\n<p>P\u00e1gina de inscri\u00e7\u00e3o:\u00a0 <a href=\"https:\/\/guri.unipampa.edu.br\/psa\/processos\/visualizarProcessoSeletivo\/12398\">https:\/\/guri.unipampa.edu.br\/psa\/processos\/visualizarProcessoSeletivo\/12398<\/a><\/p>\n<p>Leia o FAQ abaixo e entenda melhor o processo seletivo.<\/p>\n<hr \/>\n<h3>Perguntas frequentes<\/h3>\n<h4>Quais os requisitos para inscri\u00e7\u00e3o?<\/h4>\n<p>Para se inscrever no processo seletivo do Mestrado em Engenharia El\u00e9trica, basta ter gradua\u00e7\u00e3o conclu\u00edda em \u00e1rea afim ao programa (Eng. El\u00e9trica, Eng. de Telecomunica\u00e7\u00f5es, Eng. da Computa\u00e7\u00e3o, Ci\u00eancia da Computa\u00e7\u00e3o, An\u00e1lise e Desenvolvimento de Sistemas, etc);<\/p>\n<p>Quem ainda n\u00e3o se formou mas tem previs\u00e3o de concluir a gradua\u00e7\u00e3o at\u00e9 o in\u00edcio das aulas do mestrado tamb\u00e9m pode se inscrever, bastando apresentar um atestado de prov\u00e1vel formando.<\/p>\n<h4>H\u00e1 algum custo?<\/h4>\n<p>N\u00e3o. O curso \u00e9 completamente gratuito.<\/p>\n<h4>Quantas vagas s\u00e3o ofertadas?<\/h4>\n<p>S\u00e3o ofertadas 20 vagas neste processo seletivo para ingresso em agosto de 2023.<\/p>\n<h4>O que preciso enviar para inscri\u00e7\u00e3o?<\/h4>\n<ul>\n<li>Hist\u00f3rico escolar;<\/li>\n<li>Curr\u00edculo Lattes;<\/li>\n<li>C\u00f3pia de documentos, como diploma da gradua\u00e7\u00e3o (ou declara\u00e7\u00e3o de prov\u00e1vel formando), carteira de identidade e CPF;<\/li>\n<li>Pr\u00e9-projeto de pesquisa;<\/li>\n<\/ul>\n<h4>Como ser\u00e1 realizada a sele\u00e7\u00e3o?<\/h4>\n<p>A sele\u00e7\u00e3o ser\u00e1 realizada atrav\u00e9s da an\u00e1lise do hist\u00f3rico escolar, do curr\u00edculo Lattes e do pr\u00e9-projeto de pesquisa.<\/p>\n<h4>O que \u00e9 o pr\u00e9-projeto de pesquisa?<\/h4>\n<p>O pr\u00e9-projeto de pesquisa deve ser elaborado pelo candidato e enviado na inscri\u00e7\u00e3o do processo seletivo. Ele deve ter no m\u00e1ximo 5 p\u00e1ginas e precisa seguir o\u00a0 roteiro:<\/p>\n<p>a) t\u00edtulo;<br \/>\nb) nome do candidato;<br \/>\nc) endere\u00e7o eletr\u00f4nico do curr\u00edculo lattes do candidato;<br \/>\nd) orientador pretendido;<br \/>\ne) linha de pesquisa;<br \/>\nf) resumo;<br \/>\ng) introdu\u00e7\u00e3o;<br \/>\nh) justificativa;<br \/>\ni) objetivos;<br \/>\nj) materiais e m\u00e9todos;<br \/>\nk) resultados esperados;<br \/>\nl) cronograma;<br \/>\nm) refer\u00eancias bibliogr\u00e1ficas.<\/p>\n<p>Em data a ser agendada com o candidato deve ser realizada, por videoconfer\u00eancia, a apresenta\u00e7\u00e3o do pr\u00e9-projeto de pesquisa perante a banca avaliadora. A banca ir\u00e1 avaliar os seguintes aspectos:<\/p>\n<ul>\n<li>o dom\u00ednio do conte\u00fado t\u00e9cnico contido no pr\u00e9-projeto;<\/li>\n<li>a consist\u00eancia entre tema, problema e objetivos com a metodologia e o cronograma;<\/li>\n<li>a coer\u00eancia do pr\u00e9-projeto com a linha de pesquisa e sub\u00e1reas de interesse.<\/li>\n<\/ul>\n<h4>Como funcionam as cotas?<\/h4>\n<p>Das 20 vagas ofertadas, duas s\u00e3o reservadas para cotistas t\u00e9cnicos-administrativos da UNIPAMPA e outras duas para negros, pessoas com defici\u00eancia ou ind\u00edgenas. Verifique no edital do processo seletivo os documentos adicionais que devem ser enviados caso opte por concorrer nas vagas reservadas aos cotistas.<\/p>\n<h4>Estrangeiros podem se inscrever?<\/h4>\n<p>Sim. Neste caso, o candidato deve enviar c\u00f3pia do passaporte ou da Carteira de Registro Nacional Migrat\u00f3rio entre os documentos da inscri\u00e7\u00e3o.<\/p>\n<h4>O que mais preciso saber?<\/h4>\n<p>Voc\u00ea precisa ler atentamente o <a href=\"https:\/\/cursos.unipampa.edu.br\/cursos\/ppgee\/files\/2023\/06\/edital_187-2023_-_edital_de_processo_seletivo_para_ingresso_de_discentes_programa_de_pos-graduacao_em_engenharia_eletrica_mestrado_academico_-_2o_semestre-2023.pdf\">edital completo<\/a> do processo seletivo, o qual cont\u00e9m detalhes de todas as etapas do processo, as datas importantes e a documenta\u00e7\u00e3o completa a ser enviada.<\/p>\n<p>No site do PPGEE h\u00e1 informa\u00e7\u00f5es sobre o curso, como <a href=\"https:\/\/cursos.unipampa.edu.br\/cursos\/ppgee\/?page_id=1976\">informa\u00e7\u00f5es gerais<\/a>,\u00a0<a href=\"https:\/\/cursos.unipampa.edu.br\/cursos\/ppgee\/?page_id=1951\"> linhas de pesquisa<\/a>, <a href=\"https:\/\/cursos.unipampa.edu.br\/cursos\/ppgee\/?page_id=1919\">professores orientadores<\/a> e <a href=\"https:\/\/cursos.unipampa.edu.br\/cursos\/ppgee\/?page_id=2013\">ementas das disciplinas<\/a>.<\/p>\n<h4>Ainda tenho d\u00favidas. Como tir\u00e1-las?<\/h4>\n<p>Entre em contato com a coordena\u00e7\u00e3o do curso atrav\u00e9s do e-mail ppgee@unipampa.edu.br.<\/p>","protected":false},"excerpt":{"rendered":"<p>Inscri\u00e7\u00f5es encerradas. In\u00edcio das aulas em\u00a0 agosto de 2023. Documentos: Edital completo:\u00a0 clique aqui Inscri\u00e7\u00f5es homologadas: clique aqui Comiss\u00e3o de sele\u00e7\u00e3o: clique aqui Agenda de defesas de pr\u00e9-projeto de pesquisa: clique aqui Resultado do processo seletivo: clique aqui P\u00e1gina de inscri\u00e7\u00e3o:\u00a0 https:\/\/guri.unipampa.edu.br\/psa\/processos\/visualizarProcessoSeletivo\/12398 Leia o FAQ abaixo e entenda melhor o processo seletivo. Perguntas frequentes Quais &hellip; <a href=\"https:\/\/cursos.unipampa.edu.br\/cursos\/ppgee\/?page_id=2710\" class=\"more-link\">Continue lendo <span class=\"screen-reader-text\">Processo seletivo 2023\/2<\/span> <span class=\"meta-nav\">&rarr;<\/span><\/a><\/p>\n","protected":false},"author":182,"featured_media":0,"parent":0,"menu_order":0,"comment_status":"closed","ping_status":"closed","template":"","meta":[],"_links":{"self":[{"href":"https:\/\/cursos.unipampa.edu.br\/cursos\/ppgee\/index.php?rest_route=\/wp\/v2\/pages\/2710"}],"collection":[{"href":"https:\/\/cursos.unipampa.edu.br\/cursos\/ppgee\/index.php?rest_route=\/wp\/v2\/pages"}],"about":[{"href":"https:\/\/cursos.unipampa.edu.br\/cursos\/ppgee\/index.php?rest_route=\/wp\/v2\/types\/page"}],"author":[{"embeddable":true,"href":"https:\/\/cursos.unipampa.edu.br\/cursos\/ppgee\/index.php?rest_route=\/wp\/v2\/users\/182"}],"replies":[{"embeddable":true,"href":"https:\/\/cursos.unipampa.edu.br\/cursos\/ppgee\/index.php?rest_route=%2Fwp%2Fv2%2Fcomments&post=2710"}],"version-history":[{"count":5,"href":"https:\/\/cursos.unipampa.edu.br\/cursos\/ppgee\/index.php?rest_route=\/wp\/v2\/pages\/2710\/revisions"}],"predecessor-version":[{"id":2747,"href":"https:\/\/cursos.unipampa.edu.br\/cursos\/ppgee\/index.php?rest_route=\/wp\/v2\/pages\/2710\/revisions\/2747"}],"wp:attachment":[{"href":"https:\/\/cursos.unipampa.edu.br\/cursos\/ppgee\/index.php?rest_route=%2Fwp%2Fv2%2Fmedia&parent=2710"}],"curies":[{"name":"wp","href":"https:\/\/api.w.org\/{rel}","templated":true}]}}