
{"id":2446,"date":"2022-02-24T09:50:51","date_gmt":"2022-02-24T12:50:51","guid":{"rendered":"https:\/\/cursos.unipampa.edu.br\/cursos\/ppgee\/?page_id=2446"},"modified":"2022-03-22T10:41:33","modified_gmt":"2022-03-22T13:41:33","slug":"processo-seletivo-aluno-especial-2022-1","status":"publish","type":"page","link":"https:\/\/cursos.unipampa.edu.br\/cursos\/ppgee\/?page_id=2446","title":{"rendered":"Processo seletivo aluno especial \u2013 2022\/1"},"content":{"rendered":"<p><\/p>\n<div class=\"entry-content\">\n<p><strong>Per\u00edodo de inscri\u00e7\u00f5es: 14\/03\/2022 a 16\/03\/2022<\/strong><\/p>\n<p>Link para a inscri\u00e7\u00e3o: <a href=\"https:\/\/guri.unipampa.edu.br\/psa\/processos\/visualizarProcessoSeletivo\/11714\">clique aqui<\/a><\/p>\n<p>Vagas: 15 vagas em cada disciplina<\/p>\n<p>Disciplinas ofertadas:<\/p>\n<ul>\n<li>Arquiteturas Avan\u00e7adas de Computadores<\/li>\n<li>M\u00e9todos de Otimiza\u00e7\u00e3o<\/li>\n<li>Elementos de Prote\u00e7\u00e3o Num\u00e9rica em Sistemas El\u00e9tricos de Pot\u00eancia<\/li>\n<li>Circuitos Integrados Anal\u00f3gicos<\/li>\n<li>Circuitos CMOS VLSI<\/li>\n<li>Conversores A\/D e D\/A em CMOS<\/li>\n<li>Engenharia de Microondas<\/li>\n<li>M\u00e9todos Num\u00e9ricos em Eletromagnetismo<\/li>\n<li>Modelagem e Controle de Conversores Est\u00e1ticos de Pot\u00eancia<\/li>\n<li>Redes El\u00e9tricas Ativas de Prote\u00e7\u00e3o<\/li>\n<li>Microrredes de Energia<\/li>\n<li>M\u00e9todos de Otimiza\u00e7\u00e3o<\/li>\n<\/ul>\n<p><a href=\"https:\/\/cursos.unipampa.edu.br\/cursos\/ppgee\/?page_id=2192\">Confira os hor\u00e1rios das disciplinas.<\/a><\/p>\n<p>Quem pode solicitar matr\u00edcula em regime especial:<\/p>\n<ul>\n<li class=\"Texto_Alinhado_Esquerda_Espacamento_Simples\">Portadores de diploma de curso superior<\/li>\n<li class=\"Texto_Alinhado_Esquerda_Espacamento_Simples\">Acad\u00eamicos dos cursos de gradua\u00e7\u00e3o da UNIPAMPA ou de outra institui\u00e7\u00e3o que tenham cursado, com aproveitamento, pelo menos setenta e cinco por cento (75%) da carga hor\u00e1ria total do seu curso de gradua\u00e7\u00e3o.<\/li>\n<\/ul>\n<p>Orienta\u00e7\u00f5es sobre o regime especial: <a href=\"https:\/\/sites.unipampa.edu.br\/prpg\/files\/2020\/08\/orientacao-aos-interessados-no-regime-especial-pos-graduacao.pdf\">clique aqui<\/a>.<\/p>\n<p>Documentos:<\/p>\n<ul>\n<li><a href=\"https:\/\/cursos.unipampa.edu.br\/cursos\/ppgee\/files\/2022\/02\/edital-ppgee-aluno-especial-2022-1.pdf\">Chamada PPGEE 02\/2022 \u2013 Sele\u00e7\u00e3o de alunos em regime especial \u2013 semestre 2022\/1<\/a><\/li>\n<li><a href=\"https:\/\/cursos.unipampa.edu.br\/cursos\/ppgee\/files\/2022\/03\/sei_unipampa-0757840-aluno-especial-2022-1-inscricoes-homologadas.pdf\">Inscri\u00e7\u00f5es homologadas<\/a><\/li>\n<li><a href=\"https:\/\/cursos.unipampa.edu.br\/cursos\/ppgee\/files\/2022\/03\/sei_unipampa-0761113-despacho-inscricoes-homologadas-final.pdf\">Resultado final<\/a><\/li>\n<\/ul>\n<\/div>\n<p><\/p>","protected":false},"excerpt":{"rendered":"<p>Per\u00edodo de inscri\u00e7\u00f5es: 14\/03\/2022 a 16\/03\/2022 Link para a inscri\u00e7\u00e3o: clique aqui Vagas: 15 vagas em cada disciplina Disciplinas ofertadas: Arquiteturas Avan\u00e7adas de Computadores M\u00e9todos de Otimiza\u00e7\u00e3o Elementos de Prote\u00e7\u00e3o Num\u00e9rica em Sistemas El\u00e9tricos de Pot\u00eancia Circuitos Integrados Anal\u00f3gicos Circuitos CMOS VLSI Conversores A\/D e D\/A em CMOS Engenharia de Microondas M\u00e9todos Num\u00e9ricos em Eletromagnetismo &hellip; <a href=\"https:\/\/cursos.unipampa.edu.br\/cursos\/ppgee\/?page_id=2446\" class=\"more-link\">Continue lendo <span class=\"screen-reader-text\">Processo seletivo aluno especial \u2013 2022\/1<\/span> <span class=\"meta-nav\">&rarr;<\/span><\/a><\/p>\n","protected":false},"author":182,"featured_media":0,"parent":0,"menu_order":0,"comment_status":"closed","ping_status":"closed","template":"","meta":[],"_links":{"self":[{"href":"https:\/\/cursos.unipampa.edu.br\/cursos\/ppgee\/index.php?rest_route=\/wp\/v2\/pages\/2446"}],"collection":[{"href":"https:\/\/cursos.unipampa.edu.br\/cursos\/ppgee\/index.php?rest_route=\/wp\/v2\/pages"}],"about":[{"href":"https:\/\/cursos.unipampa.edu.br\/cursos\/ppgee\/index.php?rest_route=\/wp\/v2\/types\/page"}],"author":[{"embeddable":true,"href":"https:\/\/cursos.unipampa.edu.br\/cursos\/ppgee\/index.php?rest_route=\/wp\/v2\/users\/182"}],"replies":[{"embeddable":true,"href":"https:\/\/cursos.unipampa.edu.br\/cursos\/ppgee\/index.php?rest_route=%2Fwp%2Fv2%2Fcomments&post=2446"}],"version-history":[{"count":6,"href":"https:\/\/cursos.unipampa.edu.br\/cursos\/ppgee\/index.php?rest_route=\/wp\/v2\/pages\/2446\/revisions"}],"predecessor-version":[{"id":2477,"href":"https:\/\/cursos.unipampa.edu.br\/cursos\/ppgee\/index.php?rest_route=\/wp\/v2\/pages\/2446\/revisions\/2477"}],"wp:attachment":[{"href":"https:\/\/cursos.unipampa.edu.br\/cursos\/ppgee\/index.php?rest_route=%2Fwp%2Fv2%2Fmedia&parent=2446"}],"curies":[{"name":"wp","href":"https:\/\/api.w.org\/{rel}","templated":true}]}}