
{"id":3119,"date":"2023-03-16T01:52:58","date_gmt":"2023-03-16T04:52:58","guid":{"rendered":"https:\/\/cursos.unipampa.edu.br\/cursos\/engenhariadesoftware\/?page_id=3119"},"modified":"2025-06-01T02:42:24","modified_gmt":"2025-06-01T05:42:24","slug":"atas-das-reunioes-da-comissao-do-curso-de-engenharia-de-software","status":"publish","type":"page","link":"https:\/\/cursos.unipampa.edu.br\/cursos\/engenhariadesoftware\/?page_id=3119","title":{"rendered":"Atas das reuni\u00f5es da Comiss\u00e3o do Curso de Engenharia de Software"},"content":{"rendered":"<p>Acompanhe aqui as discuss\u00f5es realizadas nas reuni\u00f5es da comiss\u00e3o de curso no ano de 2025:<\/p>\n<ul>\n<li><a href=\"https:\/\/sei.unipampa.edu.br\/sei\/controlador_externo.php?acao=documento_conferir&amp;codigo_verificador=1701919&amp;codigo_crc=1FB1FBC3&amp;hash_download=10f15ba72f13dfb139cfdab0a23547a25c231be2e6eb89133c1f1bd80e3c96559b92dbefa6735751665c376c15c649e5bf02ab33d9511af4536288c761682b50&amp;visualizacao=1&amp;id_orgao_acesso_externo=0\">Ata de Reuni\u00e3o Comiss\u00e3o 2025-01 (Extraordin\u00e1ria)<\/a><\/li>\n<li><a href=\"https:\/\/sei.unipampa.edu.br\/sei\/controlador_externo.php?acao=documento_conferir&amp;codigo_verificador=1703695&amp;codigo_crc=6a8e6441&amp;hash_download=9a15fcf1373de49868ac8d173d2f262c00734c09438bc6e17fdfd22893beef2c03f0f00d25ddb0a6b719a9c10a814cb74c507c4d006f48542ad36f2f0860bf2f&amp;visualizacao=1&amp;id_orgao_acesso_externo=0\">Ata de Reuni\u00e3o Comiss\u00e3o 2025-02<\/a><\/li>\n<li><a href=\"https:\/\/sei.unipampa.edu.br\/sei\/controlador_externo.php?acao=documento_conferir&amp;codigo_verificador=1720360&amp;codigo_crc=D27363E6&amp;hash_download=5fd4ded846f9021f93956174589aaa1bdef61fc8f1544dabe529d8979b336811b657796d5158989b01fe74ef7dd231df5fb410146535491141a865f8766d2e77&amp;visualizacao=1&amp;id_orgao_acesso_externo=0\">Ata de Reuni\u00e3o Comiss\u00e3o 2025-03<\/a><\/li>\n<li><a href=\"https:\/\/sei.unipampa.edu.br\/sei\/controlador_externo.php?acao=documento_conferir&amp;codigo_verificador=1724306&amp;codigo_crc=0270D2DF&amp;hash_download=ed24c8eea2cb6551d771c838737f5ad0294afceb895676f3a8c43068838007ecc355831a6744611e74b936cb7701e31b57ceccc97671617e00fff7d91a6e64f7&amp;visualizacao=1&amp;id_orgao_acesso_externo=0\">Ata de Reuni\u00e3o Comiss\u00e3o 2025-04<\/a><\/li>\n<li><a href=\"https:\/\/sei.unipampa.edu.br\/sei\/controlador_externo.php?acao=documento_conferir&amp;codigo_verificador=1736324&amp;codigo_crc=13F5D150&amp;hash_download=190f21245978a226c561b835973d7cf9e2aa89d479fac842a9ca63d5ca75f3bde522fe187a2f93dfcc6014a156082f44a40affd455bfb1b3de446c920ea2739b&amp;visualizacao=1&amp;id_orgao_acesso_externo=0\">Ata de Reuni\u00e3o Comiss\u00e3o 2025-05<\/a><\/li>\n<\/ul>\n<p>Acompanhe aqui as discuss\u00f5es realizadas nas reuni\u00f5es da comiss\u00e3o de curso no ano de 2024:<\/p>\n<ul>\n<li><a href=\"https:\/\/sei.unipampa.edu.br\/sei\/controlador_externo.php?acao=documento_conferir&amp;codigo_verificador=1440601&amp;codigo_crc=DB79D9D7&amp;hash_download=d12920200d7f6032931439b2b57057edd0f6c98625f8cde0a2b2def4e0951cf3c34c19e8634e4f4998b5bcc37e905bd97c5a60fa4f4cd1287baa00dc20359d68&amp;visualizacao=1&amp;id_orgao_acesso_externo=0\">Ata de Reuni\u00e3o Comiss\u00e3o 2024-01<\/a><\/li>\n<li><a href=\"https:\/\/sei.unipampa.edu.br\/sei\/controlador_externo.php?acao=documento_conferir&amp;codigo_verificador=1471562&amp;codigo_crc=CA8CC459&amp;hash_download=362dccb8f5594f1a1fed7904d05b36feebc69b9a5d9f598719b0ec41b1cd94c7a4f1e615fc55b9c462c768e78310dae6516270656e3cece8d5ad52586fa697d4&amp;visualizacao=1&amp;id_orgao_acesso_externo=0\">Ata de Reuni\u00e3o Comiss\u00e3o 2024-02<\/a><\/li>\n<li><a href=\"https:\/\/sei.unipampa.edu.br\/sei\/controlador_externo.php?acao=documento_conferir&amp;codigo_verificador=1547823&amp;codigo_crc=3F133169&amp;hash_download=b7e9792cfa0de663adfb01a197039f415892025686d42205b1ab7dcff6980e959c31e59d34a86a45b0165fd7637398759814fb506a2e1d3913403f31afde554f&amp;visualizacao=1&amp;id_orgao_acesso_externo=0\">Ata de Reuni\u00e3o Comiss\u00e3o 2024-03<\/a><\/li>\n<li><a href=\"https:\/\/sei.unipampa.edu.br\/sei\/controlador_externo.php?acao=documento_conferir&amp;codigo_verificador=1553582&amp;codigo_crc=7E2ED526&amp;hash_download=f2493d61df694aad995fee5464d44403a13123d69dae1c11a2c979aaefb2e5503740edd9390d6008ea94a2c0bff8d0a57324445541acab93fbbd6e9e73ae6924&amp;visualizacao=1&amp;id_orgao_acesso_externo=0\">Ata de Reuni\u00e3o Comiss\u00e3o 2024-04<\/a><\/li>\n<li><a href=\"https:\/\/sei.unipampa.edu.br\/sei\/controlador_externo.php?acao=documento_conferir&amp;codigo_verificador=1623267&amp;codigo_crc=CE9234E0&amp;hash_download=a333a68ff3c08204afd1e1e08c73509d899bd278b8dec9d1c5a1faa067fb42584a0fc8eb6f922529516b22804300213a9345062e3feeda16d7a19c3226aeec67&amp;visualizacao=1&amp;id_orgao_acesso_externo=0\">Ata de Reuni\u00e3o Comiss\u00e3o 2024-05<\/a><\/li>\n<li><a href=\"https:\/\/sei.unipampa.edu.br\/sei\/controlador_externo.php?acao=documento_conferir&amp;codigo_verificador=1624895&amp;codigo_crc=2CB2BEEF&amp;hash_download=7f1e702f9e1ff67281c3236e40b03973fbac2849912077023aa31173d0f0c29229a2bbd41e14a0aa69dd54b42ad543ef69cf6eb15a4ea2d2fbd3a6f5558cf90c&amp;visualizacao=1&amp;id_orgao_acesso_externo=0\">Ata de Reuni\u00e3o Comiss\u00e3o 2024-06<\/a><\/li>\n<\/ul>\n<p>Acompanhe aqui as discuss\u00f5es realizadas nas reuni\u00f5es da comiss\u00e3o de curso no ano de 2023:<\/p>\n<ul>\n<li><a href=\"https:\/\/sei.unipampa.edu.br\/sei\/controlador_externo.php?acao=documento_conferir&amp;codigo_verificador=1077280&amp;codigo_crc=62A653A0&amp;hash_download=d213c070f97275848f30f20de3b4c1c519e5ac1c7852c844c9ed91affbda97b2dbb4014ec2cf5ecd68111efeb53cf517d75a80ed40cc31ffc396acf1ccb5b534&amp;visualizacao=1&amp;id_orgao_acesso_externo=0\">Ata de Reuni\u00e3o Comiss\u00e3o 2023-01<\/a><\/li>\n<li><a href=\"https:\/\/sei.unipampa.edu.br\/sei\/controlador_externo.php?acao=documento_conferir&amp;codigo_verificador=1442091&amp;codigo_crc=4ABCE5A7&amp;hash_download=05ee053b1d534a8652fc07912d48109a4911b4cdf887044d7091db9b5afc522fb23652f53c0c0ebef975e30f8d6a522e9d658515159e3252f2e8e3e16a5be961&amp;visualizacao=1&amp;id_orgao_acesso_externo=0\">Ata de Reuni\u00e3o Comiss\u00e3o 2023-02<\/a><\/li>\n<li><a href=\"https:\/\/sei.unipampa.edu.br\/sei\/controlador_externo.php?acao=documento_conferir&amp;codigo_verificador=1442550&amp;codigo_crc=456424D6&amp;hash_download=602ece0d3e9457fbd664287520e87ab7e0d730783103ae408b93e47528491c5babfa4b0fb3f44be440dd63baab43f7cf8a875d8ce768d3a1127c2b8194d4bad9&amp;visualizacao=1&amp;id_orgao_acesso_externo=0\">Ata de Reuni\u00e3o Comiss\u00e3o 2023-03<\/a><\/li>\n<li><a href=\"https:\/\/sei.unipampa.edu.br\/sei\/controlador_externo.php?acao=documento_conferir&amp;codigo_verificador=1176600&amp;codigo_crc=F2683682&amp;hash_download=495b3036d17cb24b53c6b186ba6884e1068055c9e8dc972755478fab0bff95fc6bb1ed895b5481f829cb327a1fdf9b05ccdf48ea07fb2b652d2550fcb6b60047&amp;visualizacao=1&amp;id_orgao_acesso_externo=0\">Ata de Reuni\u00e3o Comiss\u00e3o 2023-04<\/a><\/li>\n<li><a href=\"https:\/\/sei.unipampa.edu.br\/sei\/controlador_externo.php?acao=documento_conferir&amp;codigo_verificador=1442552&amp;codigo_crc=C85AAC71&amp;hash_download=d9baab3c769b68780bac820aebf854e1b4620ee0ca3631d62430a851ccb0e452bd39a0114a2afc01598d7b9d2cb8af96ed53a1b353ee9445eb296407e68ea712&amp;visualizacao=1&amp;id_orgao_acesso_externo=0\">Ata de Reuni\u00e3o Comiss\u00e3o 2023-05<\/a><\/li>\n<li><a href=\"https:\/\/sei.unipampa.edu.br\/sei\/controlador_externo.php?acao=documento_conferir&amp;codigo_verificador=1442554&amp;codigo_crc=21677765&amp;hash_download=28988127419d426e349b3e72d7d616cd4f68fd5f963b2ae8570fcc4ebe64caad9f7626d92acc54463c8dc553c7ef341c26ae5f2001a787ea8f0f2768cb994c6f&amp;visualizacao=1&amp;id_orgao_acesso_externo=0\">Ata de Reuni\u00e3o Comiss\u00e3o 2023-06<\/a><\/li>\n<li><a href=\"https:\/\/sei.unipampa.edu.br\/sei\/controlador_externo.php?acao=documento_conferir&amp;codigo_verificador=1441452&amp;codigo_crc=5EEB9F8B&amp;hash_download=f6398c87159c6242bcdb3a8d08fcebc89e47a51d6c6ae0c90e54a5c22cc968e4cc454ddc66ab4488a93a1db141d14815e3882faddba4a1aac965f972f35b947a&amp;visualizacao=1&amp;id_orgao_acesso_externo=0\">Ata de Reuni\u00e3o Comiss\u00e3o 2023-07<\/a><\/li>\n<li><a href=\"https:\/\/sei.unipampa.edu.br\/sei\/controlador_externo.php?acao=documento_conferir&amp;codigo_verificador=1329562&amp;codigo_crc=D466542F&amp;hash_download=631876eec9fb8cdd41d7fe3695f2a13a754ef0dea17580b1ec368846f162dd74ef333c136f3b33e0e5b4eb51f1c0c8d52d1ac9254fb9dc1bad064f9802451640&amp;visualizacao=1&amp;id_orgao_acesso_externo=0\">Ata de Reuni\u00e3o Comiss\u00e3o 2023-08<\/a><\/li>\n<\/ul>\n<p>Acompanhe aqui as discuss\u00f5es realizadas nas reuni\u00f5es da comiss\u00e3o de curso no ano de 2022:<\/p>\n<ul>\n<li><a href=\"http:\/\/cursos.unipampa.edu.br\/cursos\/engenhariadesoftware\/files\/2023\/03\/ata-de-reuniao-comissao-2022-01.pdf\">Ata de Reuni\u00e3o Comiss\u00e3o 2022-01<\/a><\/li>\n<li><a href=\"http:\/\/cursos.unipampa.edu.br\/cursos\/engenhariadesoftware\/files\/2023\/03\/ata-de-reuniao-comissao-2022-02.pdf\">Ata de Reuni\u00e3o Comiss\u00e3o 2022-02<\/a><\/li>\n<li><a href=\"http:\/\/cursos.unipampa.edu.br\/cursos\/engenhariadesoftware\/files\/2023\/03\/ata-de-reuniao-comissao-2022-03.pdf\">Ata de Reuni\u00e3o Comiss\u00e3o 2022-03<\/a><\/li>\n<li><a href=\"http:\/\/cursos.unipampa.edu.br\/cursos\/engenhariadesoftware\/files\/2023\/03\/ata-de-reuniao-comissao-2022-04.pdf\">Ata de Reuni\u00e3o Comiss\u00e3o 2022-04<\/a><\/li>\n<li><a href=\"http:\/\/cursos.unipampa.edu.br\/cursos\/engenhariadesoftware\/files\/2023\/03\/ata-de-reuniao-comissao-2022-05.pdf\">Ata de Reuni\u00e3o Comiss\u00e3o 2022-05<\/a><\/li>\n<li><a href=\"http:\/\/cursos.unipampa.edu.br\/cursos\/engenhariadesoftware\/files\/2023\/03\/ata-de-reuniao-comissao-2022-06.pdf\">Ata de Reuni\u00e3o Comiss\u00e3o 2022-06<\/a><\/li>\n<li><a href=\"http:\/\/cursos.unipampa.edu.br\/cursos\/engenhariadesoftware\/files\/2023\/03\/ata-de-reuniao-comissao-2022-07.pdf\">Ata de Reuni\u00e3o Comiss\u00e3o 2022-07<\/a><\/li>\n<li><a href=\"http:\/\/cursos.unipampa.edu.br\/cursos\/engenhariadesoftware\/files\/2023\/03\/ata-de-reuniao-comissao-2022-08.pdf\">Ata de Reuni\u00e3o Comiss\u00e3o 2022-08<\/a><\/li>\n<\/ul>\n<p>Acompanhe aqui as discuss\u00f5es realizadas nas reuni\u00f5es da comiss\u00e3o de curso no ano de 2021:<\/p>\n<ul>\n<li><a href=\"http:\/\/cursos.unipampa.edu.br\/cursos\/engenhariadesoftware\/files\/2023\/03\/ata-de-reuniao-comissao-2021-02.pdf\">Ata de Reuni\u00e3o Comiss\u00e3o 2021-02<\/a><\/li>\n<li><a href=\"http:\/\/cursos.unipampa.edu.br\/cursos\/engenhariadesoftware\/files\/2023\/03\/ata-de-reuniao-comissao-2021-03.pdf\">Ata de Reuni\u00e3o Comiss\u00e3o 2021-03<\/a><\/li>\n<li><a href=\"http:\/\/cursos.unipampa.edu.br\/cursos\/engenhariadesoftware\/files\/2023\/03\/ata-de-reuniao-comissao-2021-04.pdf\">Ata de Reuni\u00e3o Comiss\u00e3o 2021-04<\/a><\/li>\n<li><a href=\"http:\/\/cursos.unipampa.edu.br\/cursos\/engenhariadesoftware\/files\/2023\/03\/ata-de-reuniao-comissao-2021-05.pdf\">Ata de Reuni\u00e3o Comiss\u00e3o 2021-05<\/a><\/li>\n<li><a href=\"http:\/\/cursos.unipampa.edu.br\/cursos\/engenhariadesoftware\/files\/2023\/03\/ata-de-reuniao-comissao-2021-06.pdf\">Ata de Reuni\u00e3o Comiss\u00e3o 2021-06<\/a><\/li>\n<li><a href=\"http:\/\/cursos.unipampa.edu.br\/cursos\/engenhariadesoftware\/files\/2023\/03\/ata-de-reuniao-comissao-2021-07.pdf\">Ata de Reuni\u00e3o Comiss\u00e3o 2021-07<\/a><\/li>\n<li><a href=\"http:\/\/cursos.unipampa.edu.br\/cursos\/engenhariadesoftware\/files\/2023\/03\/ata-de-reuniao-comissao-2021-08.pdf\">Ata de Reuni\u00e3o Comiss\u00e3o 2021-08<\/a><\/li>\n<li><a href=\"http:\/\/cursos.unipampa.edu.br\/cursos\/engenhariadesoftware\/files\/2023\/03\/ata-de-reuniao-comissao-2021-09.pdf\">Ata de Reuni\u00e3o Comiss\u00e3o 2021-09<\/a><\/li>\n<li><a href=\"http:\/\/cursos.unipampa.edu.br\/cursos\/engenhariadesoftware\/files\/2023\/03\/ata-de-reuniao-comissao-2021-10.pdf\">Ata de Reuni\u00e3o Comiss\u00e3o 2021-10<\/a><\/li>\n<li><a href=\"http:\/\/cursos.unipampa.edu.br\/cursos\/engenhariadesoftware\/files\/2023\/03\/ata-de-reuniao-comissao-2021-11.pdf\">Ata de Reuni\u00e3o Comiss\u00e3o 2021-11<\/a><\/li>\n<li><a href=\"http:\/\/cursos.unipampa.edu.br\/cursos\/engenhariadesoftware\/files\/2023\/03\/ata-de-reuniao-comissao-2021-01.pdf\">Ata de Reuni\u00e3o Comiss\u00e3o 2021-01<\/a><\/li>\n<\/ul>\n<p>Acompanhe aqui as discuss\u00f5es realizadas nas reuni\u00f5es da comiss\u00e3o de curso no ano de 2020:<\/p>\n<ul>\n<li><a href=\"http:\/\/cursos.unipampa.edu.br\/cursos\/engenhariadesoftware\/files\/2023\/03\/ata-de-reuniao-comissao-2020-01.pdf\">Ata de Reuni\u00e3o Comiss\u00e3o 2020-01<\/a><\/li>\n<li><a href=\"http:\/\/cursos.unipampa.edu.br\/cursos\/engenhariadesoftware\/files\/2023\/03\/ata-de-reuniao-comissao-2020-02.pdf\">Ata de Reuni\u00e3o Comiss\u00e3o 2020-02<\/a><\/li>\n<li><a href=\"http:\/\/cursos.unipampa.edu.br\/cursos\/engenhariadesoftware\/files\/2023\/03\/ata-de-reuniao-comissao-2020-03.pdf\">Ata de Reuni\u00e3o Comiss\u00e3o 2020-03<\/a><\/li>\n<li><a href=\"http:\/\/cursos.unipampa.edu.br\/cursos\/engenhariadesoftware\/files\/2023\/03\/ata-de-reuniao-comissao-2020-03-extraordinaria.pdf\">Ata de Reuni\u00e3o Comiss\u00e3o 2020-03-Extraordin\u00e1ria<\/a><\/li>\n<li><a href=\"http:\/\/cursos.unipampa.edu.br\/cursos\/engenhariadesoftware\/files\/2023\/03\/ata-de-reuniao-comissao-2020-04.pdf\">Ata de Reuni\u00e3o Comiss\u00e3o 2020-04<\/a><\/li>\n<li><a href=\"http:\/\/cursos.unipampa.edu.br\/cursos\/engenhariadesoftware\/files\/2023\/03\/ata-de-reuniao-comissao-2020-05.pdf\">Ata de Reuni\u00e3o Comiss\u00e3o 2020-05<\/a><\/li>\n<li><a href=\"http:\/\/cursos.unipampa.edu.br\/cursos\/engenhariadesoftware\/files\/2023\/03\/ata-de-reuniao-comissao-2020-06.pdf\">Ata de Reuni\u00e3o Comiss\u00e3o 2020-06<\/a><\/li>\n<li><a href=\"http:\/\/cursos.unipampa.edu.br\/cursos\/engenhariadesoftware\/files\/2023\/03\/ata-de-reuniao-comissao-2020-06-extraordinaria.pdf\">Ata de Reuni\u00e3o Comiss\u00e3o 2020-06-Extraordin\u00e1ria<\/a><\/li>\n<\/ul>\n<p>Acompanhe aqui as discuss\u00f5es realizadas nas reuni\u00f5es da comiss\u00e3o de curso no ano de 2019:<\/p>\n<ul>\n<li><a href=\"http:\/\/cursos.unipampa.edu.br\/cursos\/engenhariadesoftware\/files\/2023\/03\/ata-de-reuniao-comissao-2019-01.pdf\">Ata de Reuni\u00e3o Comiss\u00e3o 2019-01<\/a><\/li>\n<li><a href=\"http:\/\/cursos.unipampa.edu.br\/cursos\/engenhariadesoftware\/files\/2023\/03\/ata-de-reuniao-comissao-2019-02.pdf\">Ata de Reuni\u00e3o Comiss\u00e3o 2019-02<\/a><\/li>\n<li><a href=\"http:\/\/cursos.unipampa.edu.br\/cursos\/engenhariadesoftware\/files\/2023\/03\/ata-de-reuniao-comissao-2019-03.pdf\">Ata de Reuni\u00e3o Comiss\u00e3o 2019-03<\/a><\/li>\n<li><a href=\"http:\/\/cursos.unipampa.edu.br\/cursos\/engenhariadesoftware\/files\/2023\/03\/ata-de-reuniao-comissao-2019-04.pdf\">Ata de Reuni\u00e3o Comiss\u00e3o 2019-04<\/a><\/li>\n<li><a href=\"http:\/\/cursos.unipampa.edu.br\/cursos\/engenhariadesoftware\/files\/2023\/03\/ata-de-reuniao-comissao-2019-05.pdf\">Ata de Reuni\u00e3o Comiss\u00e3o 2019-05<\/a><\/li>\n<li><a href=\"http:\/\/cursos.unipampa.edu.br\/cursos\/engenhariadesoftware\/files\/2023\/03\/ata-de-reuniao-comissao-2019-06.pdf\">Ata de Reuni\u00e3o Comiss\u00e3o 2019-06<\/a><\/li>\n<li><a href=\"http:\/\/cursos.unipampa.edu.br\/cursos\/engenhariadesoftware\/files\/2023\/03\/ata-de-reuniao-comissao-2019-07.pdf\">Ata de Reuni\u00e3o Comiss\u00e3o 2019-07<\/a><\/li>\n<li><a href=\"http:\/\/cursos.unipampa.edu.br\/cursos\/engenhariadesoftware\/files\/2023\/03\/ata-de-reuniao-comissao-2019-08.pdf\">Ata de Reuni\u00e3o Comiss\u00e3o 2019-08<\/a><\/li>\n<\/ul>\n","protected":false},"excerpt":{"rendered":"<p>Acompanhe aqui as discuss\u00f5es realizadas nas reuni\u00f5es da comiss\u00e3o de curso no ano de 2025: Ata de Reuni\u00e3o Comiss\u00e3o 2025-01 (Extraordin\u00e1ria) Ata de Reuni\u00e3o Comiss\u00e3o 2025-02 Ata de Reuni\u00e3o Comiss\u00e3o 2025-03 Ata de Reuni\u00e3o Comiss\u00e3o 2025-04 Ata de Reuni\u00e3o Comiss\u00e3o 2025-05 Acompanhe aqui as discuss\u00f5es realizadas nas reuni\u00f5es da comiss\u00e3o de curso no ano de &hellip; <a href=\"https:\/\/cursos.unipampa.edu.br\/cursos\/engenhariadesoftware\/?page_id=3119\" class=\"more-link\">Continue lendo <span class=\"screen-reader-text\">Atas das reuni\u00f5es da Comiss\u00e3o do Curso de Engenharia de Software<\/span> <span class=\"meta-nav\">&rarr;<\/span><\/a><\/p>\n","protected":false},"author":856,"featured_media":0,"parent":0,"menu_order":0,"comment_status":"closed","ping_status":"closed","template":"","meta":[],"_links":{"self":[{"href":"https:\/\/cursos.unipampa.edu.br\/cursos\/engenhariadesoftware\/index.php?rest_route=\/wp\/v2\/pages\/3119"}],"collection":[{"href":"https:\/\/cursos.unipampa.edu.br\/cursos\/engenhariadesoftware\/index.php?rest_route=\/wp\/v2\/pages"}],"about":[{"href":"https:\/\/cursos.unipampa.edu.br\/cursos\/engenhariadesoftware\/index.php?rest_route=\/wp\/v2\/types\/page"}],"author":[{"embeddable":true,"href":"https:\/\/cursos.unipampa.edu.br\/cursos\/engenhariadesoftware\/index.php?rest_route=\/wp\/v2\/users\/856"}],"replies":[{"embeddable":true,"href":"https:\/\/cursos.unipampa.edu.br\/cursos\/engenhariadesoftware\/index.php?rest_route=%2Fwp%2Fv2%2Fcomments&post=3119"}],"version-history":[{"count":7,"href":"https:\/\/cursos.unipampa.edu.br\/cursos\/engenhariadesoftware\/index.php?rest_route=\/wp\/v2\/pages\/3119\/revisions"}],"predecessor-version":[{"id":3640,"href":"https:\/\/cursos.unipampa.edu.br\/cursos\/engenhariadesoftware\/index.php?rest_route=\/wp\/v2\/pages\/3119\/revisions\/3640"}],"wp:attachment":[{"href":"https:\/\/cursos.unipampa.edu.br\/cursos\/engenhariadesoftware\/index.php?rest_route=%2Fwp%2Fv2%2Fmedia&parent=3119"}],"curies":[{"name":"wp","href":"https:\/\/api.w.org\/{rel}","templated":true}]}}