
{"id":2036,"date":"2019-04-18T10:28:31","date_gmt":"2019-04-18T13:28:31","guid":{"rendered":"http:\/\/cursos.unipampa.edu.br\/cursos\/engenhariadesoftware\/?page_id=2036"},"modified":"2020-04-29T15:22:27","modified_gmt":"2020-04-29T18:22:27","slug":"o-curso-2","status":"publish","type":"page","link":"https:\/\/cursos.unipampa.edu.br\/cursos\/engenhariadesoftware\/?page_id=2036","title":{"rendered":"O Curso"},"content":{"rendered":"<div style=\"max-width: 560px\">\n<iframe loading=\"lazy\" title=\"Engenharia de Software Unipampa\" width=\"560\" height=\"315\" src=\"https:\/\/www.youtube.com\/embed\/OEqte4sNRGA?feature=oembed\" frameborder=\"0\" allow=\"accelerometer; autoplay; encrypted-media; gyroscope; picture-in-picture\" allowfullscreen><\/iframe>\n<\/div>\n<p style=\"text-align: justify\">O Curso de Engenharia de Software foi criado em 09 de julho de 2009 pela Ata da 7\u00aa reuni\u00e3o do Conselho Dirigente da Universidade Federal do Pampa (Unipampa). A Unipampa vislumbrou a oportunidade de investir em uma \u00e1rea de forma\u00e7\u00e3o ainda nova no Brasil, sendo o Curso o 1\u00ba a ser ofertado no Estado e o 6\u00ba no Pa\u00eds.\u00a0A motiva\u00e7\u00e3o foi criar um curso inovador capaz de formar profissionais altamente qualificados e alinhados com o estado da arte e da pr\u00e1tica em Engenharia de Software.<\/p>\n<p style=\"text-align: justify\">O Curso come\u00e7ou a funcionar no primeiro semestre de 2010, tendo a autoriza\u00e7\u00e3o publicada na Portaria n\u00ba 1776 de 7 de dezembro de 2011.\u00a0No segundo semestre de 2014, o curso recebeu a visita <em>in loco<\/em> da comiss\u00e3o do Instituto Nacional de Estudos e Pesquisas Educacionais (Inep).\u00a0O ato de reconhecimento foi publicado na Portaria n\u00ba 43 de 22 de janeiro de 2015.\u00a0Na ocasi\u00e3o do seu reconhecimento, o curso recebeu o Conceito de Curso (CC) 4.<\/p>\n<p style=\"text-align: justify\">O Curso de Engenharia de Software \u00e9 um curso de Computa\u00e7\u00e3o e n\u00e3o de Engenharia.<br \/>\nO termo &#8220;engenharia&#8221; est\u00e1 relacionado ao significado de cria\u00e7\u00e3o e evolu\u00e7\u00e3o de produtos de software de forma sistem\u00e1tica.\u00a0A \u00e1rea de Engenharia de Software investiga todos os aspectos relacionados \u00e0 produ\u00e7\u00e3o de software de qualidade e economicamente vi\u00e1vel. Portanto, o Curso n\u00e3o est\u00e1 associado a nenhum \u00f3rg\u00e3o de Engenharia ou segue as diretrizes curriculares dos cursos de Engenharia.<\/p>\n<p style=\"text-align: justify\">O Projeto Pedag\u00f3gico de Curso (PPC) foi desenvolvido com o intuito de formar profissionais tecnicamente e comportamentalmente diferenciados.\u00a0 Para tanto, o Curso tem como eixo metodol\u00f3gico a Aprendizagem Baseada em Problemas (ABP), a qual desenvolve as compet\u00eancias e habilidade a partir de problemas reais.\u00a0Complementarmente, o curr\u00edculo do Curso est\u00e1 fundamentado nas Diretrizes Curriculares Nacionais (DCNs) para os cursos de gradua\u00e7\u00e3o em Computa\u00e7\u00e3o e nos princ\u00edpios filos\u00f3ficos e te\u00f3rico-metodol\u00f3gicos do Projeto Pedag\u00f3gico Institucional (PPI) da Unipampa.<\/p>\n<p style=\"text-align: justify\">Assim, ao mesmo tempo que se estabelece uma forma\u00e7\u00e3o alinhada \u00e0s necessidades de mercado, pela oferta de conte\u00fados e pr\u00e1ticas que desenvolvam compet\u00eancias, habilidades e atitudes que contribuam ao exerc\u00edcio profissional; h\u00e1 uma proposta de forma\u00e7\u00e3o acad\u00eamica reflexiva, propositiva e aut\u00f4noma que deve colaborar com a prepara\u00e7\u00e3o de um egresso respons\u00e1vel pelo seu processo de aperfei\u00e7oamento cont\u00ednuo, apto \u00e0 contribuir ao desenvolvimento dos contextos sociais nos quais se insere.<\/p>\n<h6 style=\"text-align: justify\">Objetivos do Curso<\/h6>\n<ul>\n<li>Formar profissionais qualificados, \u00e9ticos e aptos a atuar em diferentes atividades da \u00e1rea de Engenharia de Software.<\/li>\n<li>Capacitar os discentes a aplicar seus conhecimentos de forma empreendedora e inovadora, contribuindo com o desenvolvimento humano, econ\u00f4mico e social.<\/li>\n<li>Propiciar experi\u00eancias de aprendizado para que os discentes desenvolvam autonomia no que diz respeito a resolu\u00e7\u00e3o de problemas, trabalho em equipe, tomada de decis\u00f5es e capacidade de comunica\u00e7\u00e3o.<\/li>\n<li>Evoluir o estado da arte e o estado da pr\u00e1tica em Engenharia de Software por meio da pesquisa te\u00f3rica e aplicada.<\/li>\n<li>Promover a intera\u00e7\u00e3o e a troca de saberes e experi\u00eancias entre a comunidade acad\u00eamica e a sociedade por meio da extens\u00e3o universit\u00e1ria.<\/li>\n<\/ul>\n<h6>Perfil do Egresso<\/h6>\n<ul>\n<li>Aplicar teorias e pr\u00e1ticas de engenharia de software para desenvolver solu\u00e7\u00f5es de qualidade de maneira sistem\u00e1tica, controlada e eficaz.<\/li>\n<li>Empregar estrat\u00e9gias de gest\u00e3o de software para planejar, monitorar e controlar custo, tempo e escopo.<\/li>\n<li>Trabalhar em equipe, consciente de suas responsabilidades, para resolver problemas de diferentes dom\u00ednios de forma cr\u00edtica e criativa.<\/li>\n<li>Atuar profissionalmente de forma \u00e9tica e de acordo com a legisla\u00e7\u00e3o, compreendendo o impacto direto ou indireto de suas a\u00e7\u00f5es sobre as pessoas, as organiza\u00e7\u00f5es e a sociedade.<\/li>\n<li>Ter consci\u00eancia das quest\u00f5es sociais, pol\u00edticas e culturais envolvidas no desenvolvimento e no uso das tecnologias, bem como seus efeitos na sociedade e no meio ambiente.<\/li>\n<li>Atuar de forma criativa, inovadora e empreendedora, identificando oportunidades de neg\u00f3cio e contribuindo para o desenvolvimento regional.<\/li>\n<li>Entender os aspectos econ\u00f4micos e financeiros associados a produtos, servi\u00e7os e organiza\u00e7\u00f5es.<\/li>\n<li>Compreender a necessidade de cont\u00ednua atualiza\u00e7\u00e3o e aprimoramento de suas compet\u00eancias e habilidades.<\/li>\n<\/ul>\n<h6>Campos de Atua\u00e7\u00e3o<\/h6>\n<ul>\n<li>Desenvolvedor em organiza\u00e7\u00f5es que produzam software para consumo pr\u00f3prio ou para comercializa\u00e7\u00e3o.<\/li>\n<li>Gestor em organiza\u00e7\u00f5es que produzam software para consumo pr\u00f3prio ou para comercializa\u00e7\u00e3o.<\/li>\n<li>Consultor em organiza\u00e7\u00f5es com programas de melhoria cont\u00ednua baseados em modelos de qualidade.<\/li>\n<li>Pesquisador em organiza\u00e7\u00f5es que desenvolvam pesquisas relacionadas \u00e0 engenharia de software.<\/li>\n<li>Empreendedor fornecendo softwares na forma de produtos, de projetos ou de servi\u00e7os.<\/li>\n<\/ul>\n","protected":false},"excerpt":{"rendered":"<p>O Curso de Engenharia de Software foi criado em 09 de julho de 2009 pela Ata da 7\u00aa reuni\u00e3o do Conselho Dirigente da Universidade Federal do Pampa (Unipampa). A Unipampa vislumbrou a oportunidade de investir em uma \u00e1rea de forma\u00e7\u00e3o ainda nova no Brasil, sendo o Curso o 1\u00ba a ser ofertado no Estado e &hellip; <a href=\"https:\/\/cursos.unipampa.edu.br\/cursos\/engenhariadesoftware\/?page_id=2036\" class=\"more-link\">Continue lendo <span class=\"screen-reader-text\">O Curso<\/span> <span class=\"meta-nav\">&rarr;<\/span><\/a><\/p>\n","protected":false},"author":587,"featured_media":0,"parent":0,"menu_order":0,"comment_status":"closed","ping_status":"closed","template":"","meta":[],"_links":{"self":[{"href":"https:\/\/cursos.unipampa.edu.br\/cursos\/engenhariadesoftware\/index.php?rest_route=\/wp\/v2\/pages\/2036"}],"collection":[{"href":"https:\/\/cursos.unipampa.edu.br\/cursos\/engenhariadesoftware\/index.php?rest_route=\/wp\/v2\/pages"}],"about":[{"href":"https:\/\/cursos.unipampa.edu.br\/cursos\/engenhariadesoftware\/index.php?rest_route=\/wp\/v2\/types\/page"}],"author":[{"embeddable":true,"href":"https:\/\/cursos.unipampa.edu.br\/cursos\/engenhariadesoftware\/index.php?rest_route=\/wp\/v2\/users\/587"}],"replies":[{"embeddable":true,"href":"https:\/\/cursos.unipampa.edu.br\/cursos\/engenhariadesoftware\/index.php?rest_route=%2Fwp%2Fv2%2Fcomments&post=2036"}],"version-history":[{"count":5,"href":"https:\/\/cursos.unipampa.edu.br\/cursos\/engenhariadesoftware\/index.php?rest_route=\/wp\/v2\/pages\/2036\/revisions"}],"predecessor-version":[{"id":2759,"href":"https:\/\/cursos.unipampa.edu.br\/cursos\/engenhariadesoftware\/index.php?rest_route=\/wp\/v2\/pages\/2036\/revisions\/2759"}],"wp:attachment":[{"href":"https:\/\/cursos.unipampa.edu.br\/cursos\/engenhariadesoftware\/index.php?rest_route=%2Fwp%2Fv2%2Fmedia&parent=2036"}],"curies":[{"name":"wp","href":"https:\/\/api.w.org\/{rel}","templated":true}]}}